et w = -9 + 12. Suppose 0*m + 31 = 5*m - w*z, -3*z = 5*m - 49. List the prime factors of m.
2
Suppose -11 = 2*s - 15. List the prime factors of ((-2)/s)/((-5)/15).
3
List the prime factors of 97 + 2/4*2.
2, 7
Suppose -361 - 79 = -5*v. Suppose -4 + v = 3*m. List the prime factors of m.
2, 7
Let y(s) = 7*s - 7. List the prime factors of y(4).
3, 7
Let j be (-37)/(-7) - (-2)/(-7). Suppose -2*l = -6 + 2, 105 = j*c - 5*l. List the prime factors of c.
23
List the prime factors of 1/4*3712/(-48)*-6.
2, 29
Suppose z + 1 = 5. What are the prime factors of 6/z*(-78)/(-9)?
13
Let t(u) = u**2 - 4*u + 4. Let l be t(4). Let j = 9 - l. Suppose o + j = 15. List the prime factors of o.
2, 5
Suppose 2*c = 5*p - 11 + 68, -3*c + 43 = p. Let z = c + -2. List the prime factors of z.
2, 7
Let c be -5 - (0 + 0 + -2). Let d = c + 1. Let l(h) = h**2 - 2*h - 3. List the prime factors of l(d).
5
List the prime factors of (109 + (-4 - -5))/2.
5, 11
Let i(b) = -17*b - 6. List the prime factors of i(-1).
11
List the prime factors of 59 + (-10)/30*3*1.
2, 29
Let g(i) = -28*i - 36. List the prime factors of g(-5).
2, 13
Let h = 8 + -5. Let k = h - -1. List the prime factors of k.
2
Let d = 238 - -48. List the prime factors of d.
2, 11, 13
Let b be 21*-1*3/9. List the prime factors of (-3 + 2)*(b + 4).
3
Let s(d) = 2*d**3 - 5*d - 5. List the prime factors of s(4).
103
Suppose -v - n = 6, -34 - 24 = 5*v - 2*n. List the prime factors of (-320)/(-25) - 2/v.
13
Suppose 2*q - 106 - 118 = 0. List the prime factors of q.
2, 7
Let b be 6/(-4)*988/39. What are the prime factors of 3 + -1 - (b - -12)?
2, 7
Suppose -4*i + y + 32 = 0, 5*y = 3*i - 5 - 36. What are the prime factors of i?
7
Suppose -5*t + t = 0. Suppose -2*c = 2*d, c - 6*c + d + 12 = t. List the prime factors of c.
2
Let x(u) = -u**3 + 6*u**2 - 4*u - 2. Let s be x(5). Let j = -5 - -8. Suppose d = -j*p + 62, -4*d = s*p - 0*d - 77. List the prime factors of p.
19
Let a be (0/(-2))/((-4)/2). Suppose 2*z - 5*g - 35 = a, 3*g = -z + 2*g. List the prime factors of z.
5
Let w be (-6)/21 - 12/7. Let g = 2 - w. Suppose 5*z = 5*r - 35, -5*z + 5 - 4 = g*r. List the prime factors of r.
2
What are the prime factors of 2 + -7 + 3 - -33?
31
Let v = -23 + 25. Suppose -v = 4*b - 2*g - 0, -b = -5*g + 23. List the prime factors of b.
2
Suppose 3*r = 2*r. Suppose u + u - 20 = r. Let i = u - 5. List the prime factors of i.
5
Suppose c = 3*v - 170, 5*v - 3*c + 13 = 291. List the prime factors of v.
2, 29
Suppose -67 = 3*f - 1. Let l = -13 - f. List the prime factors of l.
3
Suppose -4*c = q + 46, 2*q - 4*c - 98 = 5*q. Let b = -17 - q. What are the prime factors of b?
3
Let y be (-10)/15 + (-2)/(-3). Suppose o + 3*l + 2 = 0, 0*l + 4*l + 4 = y. List the prime factors of ((-15)/(-9))/(o/3).
5
Suppose 0 = -p - 0 + 3. Suppose -4*c = -5*r - 30, -p*c + 3*r + 25 = -2*r. Suppose 5*s + 10 = c*x, 5*x - 4*s = 25 - 10. List the prime factors of x.
7
Suppose 15 + 10 = 5*y - 4*n, -5*y - n + 25 = 0. Suppose 125 = 5*f + y*g, 0 = -0*f - 5*f - 2*g + 134. Suppose -3*h - h + f = 0. What are the prime factors of h?
7
Let d(p) = 8*p**2 - 2. Let c be d(2). Suppose i + 4*u = c, 47 = 2*i + 5*u - 4. List the prime factors of i.
2, 3
Let a be -3 + -11 + (-1)/1. Let z = a - -19. What are the prime factors of z?
2
Let j(p) = 3*p - 1. Let r be j(2). Let u(t) = t**3 - 5*t**2 + t + 2. Let y be u(r). Let m(h) = h - 4. List the prime factors of m(y).
3
Suppose -38 = -5*p + 17. List the prime factors of p.
11
Suppose 4*i - 12 = 0, 5*f - i - 2*i - 46 = 0. What are the prime factors of f?
11
Suppose 0*l - 2*l = 3*k - 10, -4*k + 6 = -l. List the prime factors of 16 + k/5*5.
2, 3
Suppose 0 = 3*z - z - 28. Let w = 29 - z. List the prime factors of w.
3, 5
Let x(z) be the second derivative of -z**4/12 - 7*z**3/3 - 3*z**2/2 - 3*z. Let i(j) be the first derivative of x(j). List the prime factors of i(-11).
2
Let j = -4 + 6. Suppose 51 = m + j*m. What are the prime factors of m?
17
Suppose -a - 2*m = -3, 4*a - 33 = -0*a - m. Let z(v) = -v**2 + 14*v + 8. List the prime factors of z(a).
53
Let c = 3 + 0. Suppose 0 = c*p - 2*u - 42, -4*p + 5*p = -u + 19. List the prime factors of p.
2
Let g be ((-1)/(-3))/(5/210). Let x = 6 + g. What are the prime factors of x?
2, 5
Let b(c) = 2*c**3 - c**2 + 2*c. Let u be b(3). Let x = u + -27. What are the prime factors of x?
2, 3
Suppose -h = -4*l - 6*h + 259, -329 = -5*l - h. What are the prime factors of l?
2, 3, 11
Let w be (-8 - -83)/(6/10). Suppose 2*v + 28 = j - 0*v, 0 = 5*j - 5*v - w. What are the prime factors of j?
2, 11
Let u = 5 + 2. Let k = u + -5. Suppose 2*z = -v + 7, -17 = k*z - 3*z + 4*v. List the prime factors of z.
5
Let w = -359 + 637. What are the prime factors of w?
2, 139
Let a(s) = -1 + 2 + 2*s + 5 - 3. List the prime factors of a(4).
11
Let w(y) = -y**2 + y + 8. Let c be w(7). Let t(n) = 9*n + 2. Let g be t(5). Let b = g + c. What are the prime factors of b?
13
Let n(r) = 4*r**2 + 3*r + 4. What are the prime factors of n(6)?
2, 83
Suppose -i - 3*i + 124 = 0. Suppose -5*f - y + i = -73, -5*y - 40 = -3*f. Suppose -f = -4*w - 4*o, 0 = -w + 4*w - 2*o. What are the prime factors of w?
2
Suppose 146 = 3*s - 2*y, 0 = 2*s - 6*y + 3*y - 104. What are the prime factors of s?
2, 23
Let u be ((-30)/1)/((-14)/21). Let l = -27 + u. List the prime factors of l.
2, 3
What are the prime factors of 3/(-9)*1 - (-1372)/12?
2, 3, 19
Suppose -3*t - 22 = -p + t, -3*p - 4*t - 14 = 0. List the prime factors of 7 - p - (-2 + 2).
5
Let v(p) = p**2 + 6*p + 7. Let s be v(-7). Let h = 2 + s. Suppose -h = -3*i + i. List the prime factors of i.
2
Let a(g) = 42*g - 19. What are the prime factors of a(6)?
233
Let w be 2/7 - (-96)/56. Suppose -6*d - 3*a = -5*d - 20, w*d - a = 26. List the prime factors of d.
2, 7
Suppose -63 - 73 = -2*r. List the prime factors of r.
2, 17
Suppose s - 85 = -2*d + 192, 0 = -3*s + 3. What are the prime factors of d?
2, 3, 23
Let b = 14 - 9. Suppose b*i - 20 = -0*i. Suppose -j + i = -0*j. What are the prime factors of j?
2
Suppose 5*g - 24 - 8 = 4*k, -4*k = 2*g + 4. Suppose 32 = g*h - 4*f, 0*f = -4*h + f + 47. What are the prime factors of h?
13
Suppose 4*v - 2*s - 20 = 0, -2*v = -v + 5*s + 17. Suppose -4*b = v*j - 106, 6*b - 5*b + 2*j - 29 = 0. What are the prime factors of b?
5
What are the prime factors of (60/45)/(0 + 2/147)?
2, 7
Suppose 4*h + 47 = l, 0*l + 5*l + 29 = -2*h. Let d be 17*(-3 - 0 - -2). Let c = h - d. List the prime factors of c.
5
What are the prime factors of 1*(-78)/(1 + -3)?
3, 13
Suppose -3*i - 97 = -5*q, -2*q - 4*i = q - 35. List the prime factors of q.
17
List the prime factors of 88/(-6)*336/(-64).
7, 11
Suppose 2*r = 3*b - 88, 0*r = -4*b + 3*r + 118. Suppose -m = -2*m + b. What are the prime factors of m?
2, 7
Suppose 2*d = -7 + 21. What are the prime factors of 4/4 + d + 1?
3
Let f = -3 - -6. Let y be f/6*-1*-6. Let n = y - -9. What are the prime factors of n?
2, 3
List the prime factors of (-1318)/(-5) - (-54)/(-90).
263
Let v(c) = -c**2 + 5*c - 1. Let d be v(3). Suppose d*t - 3*t - 70 = 0. What are the prime factors of t?
5, 7
List the prime factors of 66 - 11 - 2*2.
3, 17
Suppose 3*v - 16 = -4*w + 3*w, 3*w = -5*v + 28. What are the prime factors of (2 - w)*6/3?
2
Suppose 18 = 5*i - 12. Let f = -4 + i. Suppose -f*h - 8 = -24. List the prime factors of h.
2
Let u(b) = b**2 + 9*b + 21. What are the prime factors of u(8)?
157
Suppose 0 = -3*r - 4*a + 21, -2*r - 14 = -4*r + 5*a. Let h = -3 + 8. Suppose -4*l + r + 21 = 2*p, -3*p - 13 = -h*l. What are the prime factors of l?
5
Suppose -2*v - 3 = -11. Suppose 104 = 4*a - v*p, -4*a + 2*p - p = -107. What are the prime factors of a?
3
Let y be -1*1*0/(-9). Let n = 12 - 6. Let v = n - y. List the prime factors of v.
2, 3
Let g(b) = b**3 + 5*b**2 + 2. Let h be g(-5). Suppose 109 = 3*d - 4*v, 5*v + 110 = d + 2*d. Suppose -h*r - d = -7*r. What are the prime factors of r?
7
Let x be 4/(-12) - 14/(-6). Suppose -14 = -x*v + 60. List the prime factors of v.
37
Let m(w) be the second derivative of -w**3/2 - w**2/2 - 2*w. Let o be m(-7). Suppose -2*g + 2*v = -6 - o, 0 = 3*g - 4*v - 44. What are the prime factors of g?
2
What are the prime factors of (-316)/(-6) - 18/(-54)?
53
Let s = 56 + -13. List the prime factors of s.
43
Suppose -2*h - u + 23 = -37, 2*h - 5*u = 48. Su